{"id":642,"date":"2022-11-05T08:50:36","date_gmt":"2022-11-05T07:50:36","guid":{"rendered":"https:\/\/www.mycsr.de\/home\/?page_id=642"},"modified":"2025-10-08T19:14:24","modified_gmt":"2025-10-08T17:14:24","slug":"information-ablauf-der-anmeldung","status":"publish","type":"page","link":"https:\/\/www.mycsr.de\/home\/information-ablauf-der-anmeldung\/","title":{"rendered":"Information\/Ablauf der Anmeldung"},"content":{"rendered":"<p style=\"font-weight: 400;\">Liebe Eltern der Sch\u00fclerinnen und Sch\u00fcler\u00a0der 4. Klassen an den Grundschulen in Oer-Erkenschwick,<\/p>\n<p style=\"font-weight: 400;\">in einigen Monaten werden Sie vor der Entscheidung stehen, welche weiterf\u00fchrende Schule Ihr Sohn oder Ihre Tochter besuchen soll.<\/p>\n<p style=\"font-weight: 400;\">In Oer-Erkenschwick bieten sich daf\u00fcr die Christoph-St\u00f6ver-Realschule (CSR), die Paul-Gerhardt-Schule (PGS) und das Willy-Brandt-Gymnasium (WBG) an.<\/p>\n<p style=\"font-weight: 400;\">Die Anmeldungen finden an den genannten Schulen zu folgenden Terminen statt:<\/p>\n<table style=\"font-weight: 400;\">\n<tbody>\n<tr>\n<td width=\"158\"><\/td>\n<td width=\"149\">CSR<\/td>\n<td width=\"154\">PGS<\/td>\n<td width=\"154\">WBG<\/td>\n<\/tr>\n<tr>\n<td width=\"158\">Mittwoch,\u00a0\u00a0\u00a0 18.02.2026<\/td>\n<td width=\"149\">08.30 h\u00a0 &#8211;\u00a0\u00a0 12.30 h<\/td>\n<td width=\"154\">08.30 h\u00a0 &#8211;\u00a0\u00a0 15.00 h<\/td>\n<td width=\"154\">08.30 h\u00a0 &#8211;\u00a0\u00a0 12.30 h<\/td>\n<\/tr>\n<tr>\n<td width=\"158\">Donnerstag, 19.02.2026<\/td>\n<td width=\"149\">15.00 h\u00a0 &#8211;\u00a0\u00a0 18.00 h<\/td>\n<td width=\"154\">08.30 h\u00a0 &#8211;\u00a0\u00a0 15.00 h<\/td>\n<td width=\"154\">15.00 h\u00a0 &#8211;\u00a0\u00a0 18.00 h<\/td>\n<\/tr>\n<tr>\n<td width=\"158\">Freitag, \u00a0 \u00a0 \u00a0 \u00a0 20.02.2026<\/td>\n<td width=\"149\">08.30 h\u00a0 &#8211;\u00a0\u00a0 12.00 h<\/td>\n<td width=\"154\">08.30 h\u00a0 &#8211;\u00a0\u00a0 12.00 h<\/td>\n<td width=\"154\">08.30 h\u00a0 &#8211;\u00a0\u00a0 12.00 h<\/td>\n<\/tr>\n<\/tbody>\n<\/table>\n<p style=\"font-weight: 400;\"><strong>Ich \u00a0bitte nach den Weihnachtsferien 2025 um Terminabsprache mit dem Sekretariat unserer Schule. Dieses ist t\u00e4glich in der Zeit von 7.30 bis 14.00 Uhr \u00a0unter der Telefonnummer 02368-4300 \u00a0zu erreichen.<\/strong><\/p>\n<p style=\"font-weight: 400;\">Bitte bringen Sie dann zu dem vereinbarten Termin folgende Unterlagen mit:<\/p>\n<ul>\n<li>das (Halbjahres-) Zeugnis mit Empfehlung<\/li>\n<li>den Anmeldebogen (von der Grundschule ausgegeben; in vierfacher Ausfertigung!)<\/li>\n<li>den (soweit m\u00f6glich) ausgef\u00fcllten Anmeldebogen der aufnehmenden Schule (zu finden unter der Rubrik &#8222;Anmeldungen Kl.5\/ Unterlagen)<\/li>\n<li>gegebenenfalls weitere Unterlagen von Bedeutung (Familienstatus etc. (zu finden unter der Rubrik &#8222;Anmeldungen Kl.5\/ Unterlagen))<\/li>\n<li>Nachweis \u00fcber Impfschutz oder Immunit\u00e4t gegen Masern (bei Zuzug nach Oer-Erkenschwick)<\/li>\n<\/ul>\n<p style=\"font-weight: 400;\">Selbstverst\u00e4ndlich k\u00f6nnen Sie sich bei individuellen Fragen auch gerne telefonisch melden!<\/p>\n<p style=\"font-weight: 400;\">Ich bedanke mich f\u00fcr Ihr Verst\u00e4ndnis und verbleibe mit freundlichen Gr\u00fc\u00dfen<\/p>\n<p>Ruth Petek, stellv. Schulleiterin<\/p>\n<p>&nbsp;<\/p>\n","protected":false},"excerpt":{"rendered":"<p>Liebe Eltern der Sch\u00fclerinnen und Sch\u00fcler\u00a0der 4. Klassen an den Grundschulen in Oer-Erkenschwick, in einigen Monaten werden Sie vor der [&hellip;]<\/p>\n","protected":false},"author":2,"featured_media":0,"parent":0,"menu_order":0,"comment_status":"closed","ping_status":"closed","template":"","meta":{"footnotes":""},"class_list":["post-642","page","type-page","status-publish","hentry"],"_links":{"self":[{"href":"https:\/\/www.mycsr.de\/home\/wp-json\/wp\/v2\/pages\/642","targetHints":{"allow":["GET"]}}],"collection":[{"href":"https:\/\/www.mycsr.de\/home\/wp-json\/wp\/v2\/pages"}],"about":[{"href":"https:\/\/www.mycsr.de\/home\/wp-json\/wp\/v2\/types\/page"}],"author":[{"embeddable":true,"href":"https:\/\/www.mycsr.de\/home\/wp-json\/wp\/v2\/users\/2"}],"replies":[{"embeddable":true,"href":"https:\/\/www.mycsr.de\/home\/wp-json\/wp\/v2\/comments?post=642"}],"version-history":[{"count":8,"href":"https:\/\/www.mycsr.de\/home\/wp-json\/wp\/v2\/pages\/642\/revisions"}],"predecessor-version":[{"id":1394,"href":"https:\/\/www.mycsr.de\/home\/wp-json\/wp\/v2\/pages\/642\/revisions\/1394"}],"wp:attachment":[{"href":"https:\/\/www.mycsr.de\/home\/wp-json\/wp\/v2\/media?parent=642"}],"curies":[{"name":"wp","href":"https:\/\/api.w.org\/{rel}","templated":true}]}}

<p style="font-weight: 400;">Liebe Eltern der Schülerinnen und Schüler der 4. Klassen an den Grundschulen in Oer-Erkenschwick,</p>
<p style="font-weight: 400;">in einigen Monaten werden Sie vor der Entscheidung stehen, welche weiterführende Schule Ihr Sohn oder Ihre Tochter besuchen soll.</p>
<p style="font-weight: 400;">In Oer-Erkenschwick bieten sich dafür die Christoph-Stöver-Realschule (CSR), die Paul-Gerhardt-Schule (PGS) und das Willy-Brandt-Gymnasium (WBG) an.</p>
<p style="font-weight: 400;">Die Anmeldungen finden an den genannten Schulen zu folgenden Terminen statt:</p>
<table style="font-weight: 400;">
<tbody>
<tr>
<td width="158"></td>
<td width="149">CSR</td>
<td width="154">PGS</td>
<td width="154">WBG</td>
</tr>
<tr>
<td width="158">Mittwoch,    18.02.2026</td>
<td width="149">08.30 h  &#8211;   12.30 h</td>
<td width="154">08.30 h  &#8211;   15.00 h</td>
<td width="154">08.30 h  &#8211;   12.30 h</td>
</tr>
<tr>
<td width="158">Donnerstag, 19.02.2026</td>
<td width="149">15.00 h  &#8211;   18.00 h</td>
<td width="154">08.30 h  &#8211;   15.00 h</td>
<td width="154">15.00 h  &#8211;   18.00 h</td>
</tr>
<tr>
<td width="158">Freitag,         20.02.2026</td>
<td width="149">08.30 h  &#8211;   12.00 h</td>
<td width="154">08.30 h  &#8211;   12.00 h</td>
<td width="154">08.30 h  &#8211;   12.00 h</td>
</tr>
</tbody>
</table>
<p style="font-weight: 400;"><strong>Ich  bitte nach den Weihnachtsferien 2025 um Terminabsprache mit dem Sekretariat unserer Schule. Dieses ist täglich in der Zeit von 7.30 bis 14.00 Uhr  unter der Telefonnummer 02368-4300  zu erreichen.</strong></p>
<p style="font-weight: 400;">Bitte bringen Sie dann zu dem vereinbarten Termin folgende Unterlagen mit:</p>
<ul>
<li>das (Halbjahres-) Zeugnis mit Empfehlung</li>
<li>den Anmeldebogen (von der Grundschule ausgegeben; in vierfacher Ausfertigung!)</li>
<li>den (soweit möglich) ausgefüllten Anmeldebogen der aufnehmenden Schule (zu finden unter der Rubrik &#8222;Anmeldungen Kl.5/ Unterlagen)</li>
<li>gegebenenfalls weitere Unterlagen von Bedeutung (Familienstatus etc. (zu finden unter der Rubrik &#8222;Anmeldungen Kl.5/ Unterlagen))</li>
<li>Nachweis über Impfschutz oder Immunität gegen Masern (bei Zuzug nach Oer-Erkenschwick)</li>
</ul>
<p style="font-weight: 400;">Selbstverständlich können Sie sich bei individuellen Fragen auch gerne telefonisch melden!</p>
<p style="font-weight: 400;">Ich bedanke mich für Ihr Verständnis und verbleibe mit freundlichen Grüßen</p>
<p>Ruth Petek, stellv. Schulleiterin</p>
<p>&nbsp;</p>

<p>Liebe Eltern der Schülerinnen und Schüler der 4. Klassen an den Grundschulen in Oer-Erkenschwick, in einigen Monaten werden Sie vor der [&hellip;]</p>
